be l(3). Let y be a - 78/(-5) - (-3)/(-5). What is the highest common factor of y and 1?
1
Suppose 0 = 4*o - 3*z - 211, -2*o = 3*z - 6*z - 113. Let g = -38 + -82. Let j = g - -218. Calculate the highest common factor of j and o.
49
Let c(l) = 5 - 3*l - 16*l**3 - 8*l**3 + 33*l**3 - 8*l**3 - l**2. Let v be c(2). Suppose -v*u + 120 = u. Calculate the greatest common divisor of u and 90.
30
Suppose -3*p + 20 = w - 7*p, 0 = 3*p + 9. Let d(m) = 4833*m - 47850. Let k be d(10). What is the greatest common factor of w and k?
8
Let q(a) = a**3 - 16*a**2 - 15*a - 11. Let m = 99 - 82. Let i be q(m). Calculate the highest common factor of i and 115.
23
Let b = -1719 + 2179. What is the highest common factor of b and 1495?
115
Suppose -3*v + 666 = 4*a, 16*a - 6*v = -2*v + 2696. What is the greatest common divisor of a and 2160?
24
Suppose 269*r - 187*r - 66092 = 0. What is the highest common divisor of r and 104?
26
Suppose 10*i = 7*i - 2*q + 882, -4*i = -4*q - 1196. What is the highest common divisor of i and 222?
74
Let u be 1053/117 + (-1 - -242). Calculate the highest common factor of 20 and u.
10
Let o be (75/(-6))/5 + 75/6. Calculate the highest common divisor of o and 64.
2
Suppose -4*j + 5*f + 12636 = 0, 8*j = 10*j - 13*f - 6276. What is the greatest common divisor of 14 and j?
14
Suppose -139 = -19*z + 32. Let h = -15 - -12. Let y be 2/h - 99/(-27). What is the highest common divisor of y and z?
3
Let i(s) = 64*s**2 + 3*s - 28. Let b be i(9). What is the greatest common divisor of b and 365?
73
Let z(x) = -x**3 - 12*x**2 - 20*x - 4. Let h be z(-10). Let b be h - (-4 - 83 - 4). Calculate the greatest common factor of b and 29.
29
Suppose 0 = 5*n + 20, 7*w - 5 = 4*w + 2*n. Let r be (1 - 9)/(-3 - w). Let a be 4/8 - ((-28)/8 + 3). Calculate the highest common divisor of a and r.
1
Let v be 220451/245 + -53 + 1/5. Calculate the highest common factor of v and 8833.
121
Let i be (-5 + (-91)/(-28))/(4/432*-3). Calculate the greatest common divisor of i and 1575.
63
Let j(f) = 4*f + 92. Let y be j(-13). Let g = -138 - -218. What is the greatest common divisor of g and y?
40
Suppose 247*g - 143637 + 46813 = 0. What is the highest common divisor of g and 10290?
98
Suppose -5*j + 10 = -30. Let q(a) = -a**2 - 7*a - 6. Suppose -10 = 7*y - 2*y. Let v be q(y). Calculate the highest common divisor of j and v.
4
Let r be (-2 + 1)/((-2)/(-268)). Let l = -118 - r. What is the highest common factor of 2 and l?
2
Let g = 165 - 39. Suppose g - 186 = -b. Calculate the greatest common factor of b and 24.
12
Let k be (11 - 5) + -2 + -31. Let v(w) = -w**2 - 35*w - 73. Let s be v(k). Calculate the greatest common factor of s and 13.
13
Suppose -106747 - 7086 = -11*a - 25602. What is the greatest common divisor of a and 13?
13
Let l(o) = o**2 - 22*o - 39. Let m be 6*(-1 + 6/(-12)). Let z be l(m). What is the greatest common factor of 3 and z?
3
Let m be 1 - (-2 - 1 - -2 - 7). Let r be ((408/(-9))/(-2))/(3/m). Calculate the greatest common divisor of 34 and r.
34
Let u be (-2 + 25)*1*-7. Let s = u + 199. Calculate the highest common divisor of s and 133.
19
Suppose -2740*m + 2738*m - 120 = -4*p, p = m + 27. Suppose 90 - 332 = -2*z. What is the highest common divisor of p and z?
11
Let r(v) = -v**2 - 14*v - 41. Let d be r(-9). Suppose 128 = d*l - 4*j, 4*j = l - 2 - 45. Let p = 1 - -17. What is the highest common factor of p and l?
9
Let r = 14282 - 14113. Let u(p) = 66*p**2 - 1. Let s be u(-1). What is the greatest common divisor of r and s?
13
Let u be -113*6/(-8) + 9/(-12). Suppose -2*z - 10*i = -12*i - u, -5*i - 132 = -3*z. Calculate the highest common divisor of z and 130.
13
Let l(a) = 41 - 10 - 2*a + 55. Let s be l(4). What is the greatest common factor of s and 30?
6
Let j be 360/21*12*63/27. Calculate the greatest common factor of j and 864.
96
Let u be ((-72)/(-14))/(-2)*-7. Let o be -8 - 11/(33/(-117)). Suppose 6*x - 5*x - 24 = -3*i, -x + 4*i + o = 0. Calculate the greatest common divisor of x and u.
9
Suppose 3*w - 12 = u, 5*w + u - 37 = -9. Let j(k) = 15*k**2 - 2694*k + 5383. Let b be j(2). Calculate the highest common divisor of b and w.
5
Let f = 3432 - 3411. What is the greatest common factor of f and 13?
1
Let t = -5519 - -5543. Calculate the greatest common divisor of 39 and t.
3
Suppose 11 = 2*b + 4*r - 1, 4*b - 30 = -2*r. Suppose 3*l - 7*w = -b*w + 70, -56 = -2*l + 4*w. Calculate the greatest common factor of l and 128.
8
Let w = -582 - -939. Suppose 93 = 5*p - w. Let u(d) = 2*d**3 + d**2 - 2. Let a be u(2). What is the highest common divisor of p and a?
18
Let j be (6/4)/(6/12). Suppose 0 = b + 4*p - 19, -b - j*p = -9 - 5. Let t be ((-1)/(-2))/((-150)/(-148) + b). What is the highest common factor of t and 111?
37
Suppose 16*q + 9 = 13*q, 0 = 2*o - 5*q + 25. Let y be o - -46 - -1*2. Let w(i) = -18*i - 2. Let c be w(-4). What is the greatest common divisor of y and c?
14
Let t(v) be the second derivative of -v**5/20 - 7*v**4/4 - 2*v**3 + 169*v**2/2 - 3*v + 42. Let p be t(-20). What is the highest common factor of p and 144?
9
Let d(a) = -a - 27. Let p(w) = -w - 3. Let t(o) = d(o) - 3*p(o). Let h be t(21). What is the highest common factor of h and 216?
24
Let s be (-3)/7 + 11400/(-105). Let n = 136 - s. Suppose -g + n = 4*g. Calculate the highest common divisor of 7 and g.
7
Let f be 98/14 - (2 + -1). Suppose -y = f*a - 5*a - 156, 0 = 3*a - 3. What is the highest common factor of y and 5?
5
Let f(t) = -t**3 + 6*t**2 + 3*t - 2. Let i be f(6). Let b be 2 + ((-1344)/(-560))/(0 - (-4)/10). Calculate the highest common divisor of i and b.
8
Let z(t) = -8*t - 6. Let x be z(36). Let v = x - -350. Calculate the highest common factor of v and 56.
56
Let g = -390 - -386. Let y be -1 + 1 + 1364*(-2)/g. Calculate the highest common factor of 124 and y.
62
Suppose -5*a + 3*n = -26, 0 = -4*n - 3 + 15. Suppose 13 = -10*p + 993. Calculate the greatest common factor of a and p.
7
Let c(g) = 11*g**2 + 48*g - 26. Let o be c(6). Let y = o - 630. What is the highest common factor of y and 77?
7
Let s = -338 - -826. Let a = s + -313. What is the highest common factor of a and 25?
25
Let n(w) = w**3 - 5*w**2 + 12*w - 28. Let i be n(5). Let t be 24/(((-1)/4)/((-5)/10)). What is the highest common divisor of i and t?
16
Suppose 0 = -5*y - 3*q + 104, -4*q = y - 14 - 17. Calculate the greatest common factor of 2413 and y.
19
Let x(f) be the second derivative of f**4/12 + f**3/3 - 19*f**2 - 6*f. Let g be x(-9). Let r = 140 - 90. What is the highest common factor of r and g?
25
Let a be (159/(-12) - -5)*(-3 - 1). Suppose 34*z - 128 = a*z. What is the highest common factor of z and 16?
16
Suppose 0 = -25*l - 4923 + 33808 + 38415. Calculate the greatest common divisor of 12 and l.
4
Suppose -5*v = 2*l - 10, 5*v - 3*l + 0*l - 35 = 0. What is the greatest common factor of 2228 and v?
4
Let u be ((-2354422)/91)/(-86) + 1/(13/2). Calculate the greatest common divisor of u and 413.
7
Let z = -384 + 396. Let y be (6 - 4)*1*-10. Let d be y/((-3)/(7 + -4)). Calculate the highest common factor of z and d.
4
Let r = 160 + -75. Suppose 5*n - r = -50. Calculate the greatest common factor of n and 35.
7
Suppose -2*r + 324 = -5*m, r - 16*m = -21*m + 132. Let k = 440 - r. What is the highest common factor of 54 and k?
18
Let v = -11 + 15. Let a(n) = n**3 + 4*n**2 - 2. Suppose -11*p = -7*p + 8. Let w be a(p). What is the highest common factor of v and w?
2
Let n(k) = k**3 + 19*k**2 - 16*k + 76. Let u be n(-20). Let j be ((-1)/u)/((-7)/(-308)). Calculate the greatest common divisor of j and 176.
11
Let l be ((-2)/(-6))/(3745/(-21021) - 8/(-44)). What is the highest common divisor of 884 and l?
13
Suppose -2220 = -29*h + 19*h. Let s = h + -124. Calculate the highest common factor of 28 and s.
14
Suppose 5*g = 20, 11*l = 6*l - g + 10879. What is the highest common factor of 174 and l?
87
Let x be -1116*((-1)/(-6) + 208/(-312)). What is the highest common factor of x and 234?
18
Suppose 2*h = -24*h - 468. Let q be (-969)/(-15) + h/150*5. Calculate the greatest common divisor of 192 and q.
64
Suppose -i + c + 41 = -0*c, c - 67 = -2*i. Let n = -283593 - -283785. Calculate the greatest common divisor of n and i.
12
Let t(l) = -7*l + 6. Let y be t(-6). Let j be ((-8)/(-16))/((-2)/(-1376)). Let x = -104 + j. W